 = 5*u - 3*j + 5 - 3. Let k be u/7 + 1340/14. Let a = 199 - k. Calculate the remainder when a is divided by 26.
25
Let a = 82 + -186. Let k = 138 + a. Calculate the remainder when 135 is divided by k.
33
Suppose 74*m = 1954 + 4706. What is the remainder when 288 is divided by m?
18
Suppose -2*f + u + 446 = 0, u - 60 = -66. What is the remainder when f is divided by (-142)/(-4) - (-12)/8?
35
Suppose 2*g - v + 9 = 0, -5*v = -3*v - 2. Let k(c) = -58*c - 133. What is the remainder when k(g) is divided by 26?
21
Let s = 21798 + -21745. Calculate the remainder when 9009 is divided by s.
52
Suppose 0 = -25*m + 22*m. Suppose 2*v - 5*v + 6 = m. What is the remainder when -119*(-3)/9 + v/(-3) is divided by 11?
6
Let u(g) = -140*g**2 + 2*g - 3. Let s be u(1). Let x = s - -175. Calculate the remainder when 81 is divided by x.
13
Let m(r) = -r**3 + 18*r**2 + r + 7. Let w be m(18). Let h = -6 + w. Calculate the remainder when 36 + (-2)/10*0 is divided by h.
17
Let c(k) = -3*k - 3. Let m be c(-2). What is the remainder when 125 is divided by 400/48 + 2/m?
8
Suppose 4*n - 117 = 5*m, 347*n - 60 = 345*n + 4*m. What is the remainder when 6912 is divided by n?
24
Let n = -5517 + 5583. What is the remainder when 166 is divided by n?
34
Calculate the remainder when (1 - 26/(-4))*(-54012)/(-3215) is divided by 39.
9
Let b = -13675 + 14209. Calculate the remainder when 544 is divided by b.
10
Suppose 5*p - 1272 = 3*m, m - 781 = -3*p - 1. Calculate the remainder when p is divided by 8.
2
Let o(h) = h**3 - 16*h**2 + 61*h + 22. Let g(u) = u - 1. Let x(v) = 13*v - 6. Let j(z) = -5*g(z) + x(z). What is the remainder when j(2) is divided by o(9)?
3
Let g = 9 - 5. Suppose 3*j = -5*w + 274, g*j + 0*j + 2*w = 370. What is the remainder when j is divided by ((-2)/1)/((-3)/36)?
21
Suppose -484*i = -480*i - 832. Let v = 525 - 504. What is the remainder when i is divided by v?
19
Suppose -469327*f + 469358*f = 248. Suppose 5*t = 5*l + 430, 4*t - 282 = 3*l + 66. What is the remainder when t is divided by f?
2
Suppose 11544 = -3392*i + 3470*i. What is the remainder when 314 is divided by i?
18
Suppose -2*v - 40 = -2*t - 160, 4*v + 5*t = 231. Let s be 3 - 35/10 - (-9)/(-2). Calculate the remainder when v is divided by ((-66)/18 - s)*12.
11
Suppose 14*d - 37503 - 55719 = -4*d. What is the remainder when d is divided by 72?
67
Suppose 3*p = 37 + 11. Suppose p*c - 23 = 9. What is the remainder when 36 is divided by (-2352)/(-120) - c/(-5)?
16
Let u be 651/14 + 1/2. Let s = u - 34. Suppose -343 = -4*l + s. Calculate the remainder when l is divided by 24.
17
Let z = -142 - -86. Let c = -17 + 34. What is the remainder when c is divided by ((-3)/(-12) - 1)/(6/z)?
3
Suppose 6*m - m + 4 = 4*k, -3*m - 18 = -5*k. Let u(j) = 89*j**2 - 5*j + 7. Let g be u(2). Let n = g + -270. Calculate the remainder when n is divided by k.
5
Let t = -1042 - -1055. Suppose -f + 28 + 18 = 0. What is the remainder when f is divided by t?
7
Suppose 0 = -h - 0*h + 11. Suppose -5*k = -t - 2*k + 455, 4*k + 1340 = 3*t. Suppose 4*s = 15*s - t. Calculate the remainder when s is divided by h.
7
Suppose -2*c = 3*o - 707, -3*o + 1399 = -13*c + 17*c. What is the remainder when c is divided by 5?
1
What is the remainder when 49230/9*(-21)/(-35) is divided by 15?
12
Suppose 0 = -29*p - 988 + 2699. Calculate the remainder when 584 is divided by p.
53
What is the remainder when (2963736/(-126))/(-6) + (-2)/7 is divided by 1301?
17
Let n(l) = -2*l + 61. Suppose -41 = 2*d - 5*y - 17, -5*y + 30 = -5*d. What is the remainder when 126 is divided by n(d)?
61
Suppose 0 = 5*a - 5*l - 127 - 183, 2*l = a - 60. What is the remainder when a is divided by 51?
13
Let p be 80/5 + 1*-1. Let s(t) = -t**2 - 4*t + 336. Let r be s(28). Calculate the remainder when 78 is divided by (6/(-4))/(4/(r/p)).
8
What is the remainder when 511 is divided by (19/(950/125))/(10/492)?
19
Let u(g) = 1104*g - 11621. Calculate the remainder when u(12) is divided by 126.
115
Let q be (-8 + 152 + -9)*(-25)/(-3). Suppose 1815 + q = 10*t. What is the remainder when t is divided by 74?
72
Let x(u) = u**3 - 21*u**2 - 6*u + 550. What is the remainder when 97 is divided by x(20)?
7
Let d(f) = 4*f**2 + 5*f - 5. Let s be d(1). Suppose 0 = -4*k + s*h + 24, 15*k - 30 = 10*k + h. What is the remainder when 19 is divided by k?
1
Suppose v - 4*h - 46 = 0, 0*h = 3*v - 4*h - 98. Suppose 13*x = 99 - 8. Calculate the remainder when v is divided by x.
5
Suppose 0 = 3*s + 4*u + 10, -s + 4*s + 3*u = -6. Let y be -2 - 2 - 114/s. Let a = y + 75. What is the remainder when 38 is divided by a?
10
Let t(i) = i + 2. Suppose -34 = 2*r - 86. Suppose 7*u + 12 = r. Calculate the remainder when 23 is divided by t(u).
3
Let y be (-10462)/(-20) + (-57)/570. Suppose -920 = -13*j + y. Calculate the remainder when j is divided by 13.
7
Suppose 91*j + 2114 = 3*q + 86*j, 32 = 4*j. Calculate the remainder when q is divided by 45.
43
Suppose -10 - 25 = 24*k - 491. Calculate the remainder when 76 is divided by k.
0
Let z = 886 - 452. Calculate the remainder when z is divided by 155.
124
Suppose 3*n - 175 = -5*v, 2*v + 5*n = 90 - 1. Suppose 5*f + 2*x = 113 + 826, 4*x = f - 201. Calculate the remainder when f is divided by v.
29
Let t(n) = 202*n - 17. Suppose 46*q = 54*q - 8. What is the remainder when t(q) is divided by 62?
61
Suppose -369*d = -352*d - 370 - 89. Calculate the remainder when 292 is divided by d.
22
Let l(v) = 5*v**3 - v**2 + 1. Calculate the remainder when (355/10)/(6 + 253/(-44)) is divided by l(2).
31
Let q(t) = t**3 + 9*t**2 + 10*t + 10. Let k be q(-4). Suppose -4*w - 2 = -k. Calculate the remainder when 129 is divided by w.
9
Suppose 5*a = 76 - 1091. Let d = -196 - a. Let r(h) = 3*h - 4. What is the remainder when r(5) is divided by d?
4
What is the remainder when ((-3082)/(-6))/(236/3540) is divided by 164?
161
Let x = -12 - -21. Let z be 4182/15 + (-20)/25 - 5. Suppose 0 = -l + z - 206. What is the remainder when l is divided by x?
4
Suppose a + 5*c = 148, 161 = 3*a + c - 227. Suppose 45*z - 42*z = 78. What is the remainder when a is divided by z?
24
Let j be -3 + 32/5 + 6/(-15). Suppose -4*z + 12 = 0, -3*z - 44 = -n - j. Calculate the remainder when 148 is divided by n.
48
Suppose -5*l + l + 32 = -4*g, -4*l - 4*g + 8 = 0. Suppose 0 = l*k + 158 - 178. What is the remainder when 36 is divided by k?
0
Suppose 3717 = 26*r + 12583. Let x = 388 + r. Calculate the remainder when 514 is divided by x.
44
Let w(r) = 59*r - 1052. Calculate the remainder when 1654 is divided by w(18).
4
Let p be 4 - -4 - (0 - 3). Let i = 17 - p. Suppose -16 = 4*h, 7*q - 33 = 2*q + 2*h. Calculate the remainder when i is divided by q.
1
Let u(d) = -30 + 1955*d - 1890*d - 66 + 9 - 13. What is the remainder when 88 is divided by u(2)?
28
Let x(v) = -26*v + 2. Suppose -4*n = 5*a - 53, 5*n + 85 - 216 = 3*a. Calculate the remainder when x(-2) is divided by n.
10
Suppose 3300 = 5*z + 2*c, -z = -2*c - 488 - 160. Calculate the remainder when z is divided by 38.
12
Suppose -2*b = 4*p - 80, -5*p + 4*b + 38 = -2*p. Let n = 340 - 277. Calculate the remainder when (-7)/(n/81) + 41 is divided by p.
14
Suppose 4*l + 2115 - 2439 = 0. Calculate the remainder when 212 is divided by l.
50
Suppose 3*m = d + 11, -2*m + 2*d + 22 = 5*d. Suppose -m*k - 2*f = -181, -3*k + 6*f - f + 121 = 0. Calculate the remainder when k is divided by 13.
11
Let l(i) = 873*i + 6341. What is the remainder when 3311 is divided by l(-6)?
2
Let j be 45/60 + (-13)/(-4). Suppose -u = 2*u - 15, -j*g + 2*u = -10. Calculate the remainder when 38 is divided by g.
3
Suppose i + 789 = 2*a, a - 156*i - 377 = -152*i. What is the remainder when a is divided by 7?
5
Let g(p) = -4*p**2 - 8*p - 3. Let q be g(-7). Let v = -136 - q. What is the remainder when 69 is divided by v?
6
Let q be -2 + (-56)/(-20) - (-1836)/30. Suppose 2*w + 34 = q. Calculate the remainder when 263 is divided by w.
11
Let o(f) = 7*f**2 + 10*f + 24. Let x(v) = 13*v**2 + 19*v + 45. Let r(y) = -11*o(y) + 6*x(y). Calculate the remainder when 301 is divided by r(-8).
35
Let t = 600 + -313. Suppose -5*c = 2*v - t, 2*c - v + 0 - 113 = 0. Let a = -4474 - -4503. Calculate the remainder when c is divided by a.
28
Suppose -6 = -2*d - 8, 5*p = -6*d + 534. What is the remainder when 1295 is divided by p?
107
